{"id":2575,"date":"2023-12-19T13:23:28","date_gmt":"2023-12-19T12:23:28","guid":{"rendered":"https:\/\/henzihof.ch\/?page_id=2575"},"modified":"2024-01-23T13:44:03","modified_gmt":"2024-01-23T12:44:03","slug":"lusthaeuschen","status":"publish","type":"page","link":"https:\/\/henzihof.ch\/index.php\/lusthaeuschen\/","title":{"rendered":"LUSTH\u00c4USCHEN"},"content":{"rendered":"\n<div class=\"wp-block-group alignfull fullwidth\"><div class=\"wp-block-group__inner-container is-layout-flow wp-block-group-is-layout-flow\">\n<div class=\"wp-block-group alignfull\"><div class=\"wp-block-group__inner-container is-layout-flow wp-block-group-is-layout-flow\">\n<div class=\"wp-block-group alignfull has-white-color has-text-color has-background has-link-color wp-elements-bba147cdc46bd441dcbd96235cab3d0b\" style=\"background-color:#e6007e\"><div class=\"wp-block-group__inner-container is-layout-constrained wp-block-group-is-layout-constrained\">\n<div class=\"wp-block-group alignfull\"><div class=\"wp-block-group__inner-container is-layout-flow wp-block-group-is-layout-flow\">\n<div class=\"wp-block-jetpack-layout-grid alignfull column1-desktop-grid__span-6 column1-desktop-grid__start-4 column1-desktop-grid__row-1 column1-tablet-grid__span-8 column1-tablet-grid__row-1 column1-mobile-grid__span-4 column1-mobile-grid__row-1\">\n<div class=\"wp-block-jetpack-layout-grid-column wp-block-jetpack-layout-grid__padding-none\">\n<h2 class=\"wp-block-heading has-text-align-center has-white-color has-text-color\">Geschichte<\/h2>\n\n\n\n<p class=\"has-text-align-center\">Der Henzihof besteht seit dem 17. Jahrhundert und man hat herausgefunden, dass das Fundament vom Lusth\u00e4uschen aus dem 19. Jahrhundert stammt. In dieser Form, wie wir es heute sehen steht es seit 1915. Es war der Besitzer vom Hof, Franz Henzi, der sich beim Bau vom Lusth\u00e4uschen an sogenannten Follies aus dem 19. Jahrhundert orientiert hat.<\/p>\n\n\n\n<p class=\"has-text-align-center\">Es ist einzigartig im Kanton Solothurn und es ist einmalig in der ganzen Schweiz. Weil normalerweise stehen sogenannte Follies, Kleinarchitekturen oder Lusth\u00e4uschen in Parkanlagen von privaten Anwesen. Also nirgends in der Schweiz steht ein solches H\u00e4uschen integriert in einer Hostet, umgeben von Obstb\u00e4umen. Ein sogenanntes Lusth\u00e4uschen soll Lust machen zum Verweilen.<\/p>\n\n\n\n<p class=\"has-text-align-center\">Das H\u00e4uschen ist kurios weil es so viele verschiedene Stile vereint. Der Vorplatz mit den S\u00e4ulen und den Spitzbogenfenstern entspricht einer neugotischen Architektur. Diese Elemente stehen im Kontrast zu der rustikalen Mauer aus Gneissbl\u00f6cken. Das gibt dem H\u00e4uschen ein grottenhaftes Aussehen.<\/p>\n\n\n\n<p class=\"has-text-align-center\">Der erste Innenraum wurde wie ein Wohnraum eingerichtet. Mit k\u00f6nigsblauen Mustertapeten, Eichenfenstern, einem damals funktionst\u00fcchtigem Chemin\u00e9e im neoklassischem Stil und ausgeschm\u00fcckt mit Bord\u00fcren mit Gipsstruktur. Der hintere Raum ist einfach gehalten. Es f\u00fchrte ein Einpersonenlift in den Dachstock. Wir vermuten, dass der Lift strombetrieben war, weil das H\u00e4uschen seit 1915 am Strom angeschlossen ist.<\/p>\n\n\n\n<p class=\"has-text-align-center\">Wie das H\u00e4uschen genutzt wurde, wissen wir nicht. Wir vermuten, dass sp\u00e4tere Besitzer das H\u00e4uschen als Lager genutzt haben. Denn als es 2015 vom Quartierverein freigemacht wurde, war es voll von Steinkohle und in einem Dornr\u00f6schenschlaf.<\/p>\n\n\n\n<p class=\"has-text-align-center\">Es war Bea Beer und rund 70 freiwillige Helfer aus dem Quartier, welche das H\u00e4uschen 2015 zug\u00e4nglich gemacht haben.<\/p>\n\n\n\n<p class=\"has-text-align-center\">Heute ist es Sarah Sch\u00e4fer, welche das Lusth\u00e4uschen belebt.<\/p>\n\n\n\n<p class=\"has-text-align-center\">Text &amp; Fotos : Quartierverein<\/p>\n\n\n\n<p class=\"has-text-align-center has-white-color has-text-color\"><\/p>\n\n\n\n<p><\/p>\n\n\n\n<div class=\"wp-block-jetpack-tiled-gallery aligncenter is-style-rectangular\"><div class=\"tiled-gallery__gallery\"><div class=\"tiled-gallery__row\"><div class=\"tiled-gallery__col\" style=\"flex-basis:67.01682%\"><figure class=\"tiled-gallery__item\"><img decoding=\"async\" srcset=\"https:\/\/i0.wp.com\/henzihof.ch\/wp-content\/uploads\/2023\/12\/Bildschirmfoto-2023-12-19-um-13.17.17.png?strip=info&#038;w=600&#038;ssl=1 600w,https:\/\/i0.wp.com\/henzihof.ch\/wp-content\/uploads\/2023\/12\/Bildschirmfoto-2023-12-19-um-13.17.17.png?strip=info&#038;w=715&#038;ssl=1 715w\" alt=\"\" data-height=\"754\" data-id=\"2591\" data-link=\"https:\/\/henzihof.ch\/?attachment_id=2591\" data-url=\"https:\/\/henzihof.ch\/wp-content\/uploads\/2023\/12\/Bildschirmfoto-2023-12-19-um-13.17.17.png\" data-width=\"715\" src=\"https:\/\/i0.wp.com\/henzihof.ch\/wp-content\/uploads\/2023\/12\/Bildschirmfoto-2023-12-19-um-13.17.17.png?ssl=1\" data-amp-layout=\"responsive\"\/><\/figure><\/div><div class=\"tiled-gallery__col\" style=\"flex-basis:32.98318%\"><figure class=\"tiled-gallery__item\"><img decoding=\"async\" srcset=\"https:\/\/i2.wp.com\/henzihof.ch\/wp-content\/uploads\/2023\/12\/Bildschirmfoto-2023-12-19-um-13.17.55.png?strip=info&#038;w=600&#038;ssl=1 600w,https:\/\/i2.wp.com\/henzihof.ch\/wp-content\/uploads\/2023\/12\/Bildschirmfoto-2023-12-19-um-13.17.55.png?strip=info&#038;w=705&#038;ssl=1 705w\" alt=\"\" data-height=\"747\" data-id=\"2592\" data-link=\"https:\/\/henzihof.ch\/?attachment_id=2592\" data-url=\"https:\/\/henzihof.ch\/wp-content\/uploads\/2023\/12\/Bildschirmfoto-2023-12-19-um-13.17.55.png\" data-width=\"705\" src=\"https:\/\/i2.wp.com\/henzihof.ch\/wp-content\/uploads\/2023\/12\/Bildschirmfoto-2023-12-19-um-13.17.55.png?ssl=1\" data-amp-layout=\"responsive\"\/><\/figure><figure class=\"tiled-gallery__item\"><img decoding=\"async\" srcset=\"https:\/\/i0.wp.com\/henzihof.ch\/wp-content\/uploads\/2023\/12\/Bildschirmfoto-2023-12-19-um-13.19.42.png?strip=info&#038;w=600&#038;ssl=1 600w,https:\/\/i0.wp.com\/henzihof.ch\/wp-content\/uploads\/2023\/12\/Bildschirmfoto-2023-12-19-um-13.19.42.png?strip=info&#038;w=700&#038;ssl=1 700w\" alt=\"\" data-height=\"747\" data-id=\"2593\" data-link=\"https:\/\/henzihof.ch\/?attachment_id=2593\" data-url=\"https:\/\/henzihof.ch\/wp-content\/uploads\/2023\/12\/Bildschirmfoto-2023-12-19-um-13.19.42.png\" data-width=\"700\" src=\"https:\/\/i0.wp.com\/henzihof.ch\/wp-content\/uploads\/2023\/12\/Bildschirmfoto-2023-12-19-um-13.19.42.png?ssl=1\" data-amp-layout=\"responsive\"\/><\/figure><\/div><\/div><\/div><\/div>\n<\/div>\n<\/div>\n<\/div><\/div>\n<\/div><\/div>\n\n\n\n<div class=\"wp-block-jetpack-layout-grid alignfull column1-desktop-grid__span-6 column1-desktop-grid__start-4 column1-desktop-grid__row-1 column1-tablet-grid__span-8 column1-tablet-grid__row-1 column1-mobile-grid__span-4 column1-mobile-grid__row-1\">\n<div class=\"wp-block-jetpack-layout-grid-column wp-block-jetpack-layout-grid__padding-none\">\n<h2 class=\"wp-block-heading has-text-align-center has-text-color\" style=\"color:#e6007e\">Kontakt<\/h2>\n\n\n\n<div class=\"wp-block-group\"><div class=\"wp-block-group__inner-container is-layout-constrained wp-block-group-is-layout-constrained\">\n<p class=\"has-text-align-center has-black-color has-text-color\">Der Quartierverein &#171;SOWeststadt&#187; koordiniert und bespielt das Lusth\u00fcsli.<\/p>\n\n\n\n<p class=\"has-text-align-center has-black-color has-text-color\">Weitere Infos gibt&#8217;s auf der <a href=\"https:\/\/www.soweststadt.ch\/solusthuesli\/\" target=\"_blank\" rel=\"noreferrer noopener\">Website des Quartiervereins<\/a>.  <\/p>\n<\/div><\/div>\n<\/div>\n<\/div>\n<\/div><\/div>\n\n\n\n<div class=\"wp-block-group alignfull\"><div class=\"wp-block-group__inner-container is-layout-flow wp-block-group-is-layout-flow\"><\/div><\/div>\n\n\n\n<div class=\"wp-block-group alignfull\"><div class=\"wp-block-group__inner-container is-layout-flow wp-block-group-is-layout-flow\">\n<p><\/p>\n<\/div><\/div>\n<\/div><\/div>\n\n\n\n<div class=\"wp-block-group alignfull fullwidth has-black-color has-text-color has-background\" style=\"background-color:#e6007e\"><div class=\"wp-block-group__inner-container is-layout-flow wp-block-group-is-layout-flow\">\n<div style=\"height:23px\" aria-hidden=\"true\" class=\"wp-block-spacer\"><\/div>\n\n\n\n<p class=\"has-text-align-center has-white-color has-text-color has-link-color wp-elements-7b310bc00043f96e9e244ff709880014\"><a href=\"https:\/\/henzihof.ch\/index.php\/nutzungen\/\" data-type=\"page\" data-id=\"134\">DAUERNUTZUNGEN<\/a> | <a href=\"https:\/\/henzihof.ch\/index.php\/nutzungen\/vergangene-projekte\/\" data-type=\"page\" data-id=\"153\">VERGANGENE AKTIVIT\u00c4TEN<\/a><\/p>\n\n\n\n<h2 class=\"wp-block-heading has-text-align-center has-white-color has-text-color\">Mitmachen?<\/h2>\n\n\n\n<p class=\"has-text-align-center has-white-color has-text-color has-link-color wp-elements-87292878a6a6a4e0540162453281d90f\">Wir freuen uns, wenn Sie sich mit nachstehendem&nbsp;<a href=\"https:\/\/henzihof.ch\/index.php\/kontakt\/\" data-type=\"URL\">Kontaktformular<\/a>&nbsp;bei der Quartierarbeit Solothurn West melden.<\/p>\n\n\n\n<div style=\"height:23px\" aria-hidden=\"true\" class=\"wp-block-spacer\"><\/div>\n\n\n\n<p><\/p>\n<\/div><\/div>\n\n\n\n<p><\/p>\n","protected":false},"excerpt":{"rendered":"<p>Geschichte Der Henzihof besteht seit dem 17. Jahrhundert und man hat herausgefunden, dass das Fundament vom Lusth\u00e4uschen aus dem 19. Jahrhundert stammt. In dieser Form, wie wir es heute sehen steht es seit 1915. Es war der Besitzer vom Hof, Franz Henzi, der sich beim Bau vom Lusth\u00e4uschen an sogenannten Follies aus dem 19. Jahrhundert &hellip; <a href=\"https:\/\/henzihof.ch\/index.php\/lusthaeuschen\/\" class=\"more-link\">Continue reading <span class=\"screen-reader-text\">LUSTH\u00c4USCHEN<\/span><\/a><\/p>\n","protected":false},"author":1,"featured_media":0,"parent":0,"menu_order":0,"comment_status":"closed","ping_status":"closed","template":"","meta":{"footnotes":""},"jetpack_sharing_enabled":true,"featured_image_src":null,"featured_image_src_square":null,"_links":{"self":[{"href":"https:\/\/henzihof.ch\/index.php\/wp-json\/wp\/v2\/pages\/2575"}],"collection":[{"href":"https:\/\/henzihof.ch\/index.php\/wp-json\/wp\/v2\/pages"}],"about":[{"href":"https:\/\/henzihof.ch\/index.php\/wp-json\/wp\/v2\/types\/page"}],"author":[{"embeddable":true,"href":"https:\/\/henzihof.ch\/index.php\/wp-json\/wp\/v2\/users\/1"}],"replies":[{"embeddable":true,"href":"https:\/\/henzihof.ch\/index.php\/wp-json\/wp\/v2\/comments?post=2575"}],"version-history":[{"count":17,"href":"https:\/\/henzihof.ch\/index.php\/wp-json\/wp\/v2\/pages\/2575\/revisions"}],"predecessor-version":[{"id":2694,"href":"https:\/\/henzihof.ch\/index.php\/wp-json\/wp\/v2\/pages\/2575\/revisions\/2694"}],"wp:attachment":[{"href":"https:\/\/henzihof.ch\/index.php\/wp-json\/wp\/v2\/media?parent=2575"}],"curies":[{"name":"wp","href":"https:\/\/api.w.org\/{rel}","templated":true}]}}