{"id":134,"date":"2020-09-07T11:49:49","date_gmt":"2020-09-07T09:49:49","guid":{"rendered":"https:\/\/henzihof.wordpress.com\/?page_id=134"},"modified":"2026-05-15T10:52:30","modified_gmt":"2026-05-15T09:52:30","slug":"mieten-2","status":"publish","type":"page","link":"https:\/\/henzihof.ch\/index.php\/mieten-2\/","title":{"rendered":"MIETEN"},"content":{"rendered":"\n<div class=\"wp-block-jetpack-layout-grid alignfull column1-desktop-grid__span-6 column1-desktop-grid__start-4 column1-desktop-grid__row-1 column1-tablet-grid__span-8 column1-tablet-grid__row-1 column1-mobile-grid__span-4 column1-mobile-grid__row-1 are-vertically-aligned-center\">\n<div class=\"wp-block-jetpack-layout-grid-column wp-block-jetpack-layout-grid__padding-none is-vertically-aligned-center\">\n<p class=\"has-text-align-center\"><strong>Wichtige Infos<\/strong>:<\/p>\n\n\n\n<p class=\"has-text-align-center\"><mark style=\"background-color:rgba(0, 0, 0, 0)\" class=\"has-inline-color has-black-color\">Die mietbaren Fl\u00e4chen befinden sich im Aussenraum des ehemaligen Bauernhofs. Eine Buvette, Strom, Wasser und ein WC-Container mit einer Toilette sind vorhanden.<\/mark><\/p>\n\n\n\n<p class=\"has-text-align-center\"><strong><mark style=\"background-color:rgba(0, 0, 0, 0)\" class=\"has-inline-color has-black-color\">Infrastruktur:<\/mark><\/strong><\/p>\n\n\n\n<p class=\"has-text-align-center\"><mark style=\"background-color:rgba(0, 0, 0, 0)\" class=\"has-inline-color has-black-color\">Zus\u00e4tzlich zur Miete k\u00f6nnen Flipchart, Moderationskoffer und Geschirr kostenpflichtig dazu gemietet werden. St\u00fchle und Tischbankgarnituren stellen wir gerne kostenlos zur Verf\u00fcgung.<\/mark><\/p>\n\n\n\n<p class=\"has-text-align-center\"><strong><mark style=\"background-color:rgba(0, 0, 0, 0)\" class=\"has-inline-color has-black-color\">Preise:<\/mark><\/strong><\/p>\n\n\n\n<p class=\"has-text-align-center\"><mark style=\"background-color:rgba(0, 0, 0, 0)\" class=\"has-inline-color has-black-color\">Bei den Mietpreisen wird unterschieden zwischen \u00f6ffentlichen Nutzungen, Vereinsaktivit\u00e4ten und privaten\/kommerziellen Nutzungen. F\u00fcr Jugendliche und Erwachsene ohne oder mit geringem Einkommen k\u00f6nnen die Mietpreise reduziert werden.<\/mark><\/p>\n<\/div>\n<\/div>\n\n\n\n<h2 class=\"wp-block-heading has-text-align-center\">DER AUSSENRAUM<\/h2>\n\n\n\n<p class=\"has-text-align-center\">Der Aussenraum verf\u00fcgt \u00fcber ein Holzh\u00e4uschen, das als Bar oder Kiosk genutzt werden kann.<\/p>\n\n\n\n<div class=\"wp-block-jetpack-tiled-gallery aligncenter is-style-rectangular\"><div class=\"\"><div class=\"tiled-gallery__gallery\"><div class=\"tiled-gallery__row\"><div class=\"tiled-gallery__col\" style=\"flex-basis:66.79626%\"><figure class=\"tiled-gallery__item\"><img decoding=\"async\" srcset=\"https:\/\/i0.wp.com\/henzihof.ch\/wp-content\/uploads\/2023\/08\/IMG_5523-scaled.jpg?strip=info&#038;w=600&#038;ssl=1 600w,https:\/\/i0.wp.com\/henzihof.ch\/wp-content\/uploads\/2023\/08\/IMG_5523-scaled.jpg?strip=info&#038;w=900&#038;ssl=1 900w,https:\/\/i0.wp.com\/henzihof.ch\/wp-content\/uploads\/2023\/08\/IMG_5523-scaled.jpg?strip=info&#038;w=1200&#038;ssl=1 1200w,https:\/\/i0.wp.com\/henzihof.ch\/wp-content\/uploads\/2023\/08\/IMG_5523-scaled.jpg?strip=info&#038;w=1500&#038;ssl=1 1500w,https:\/\/i0.wp.com\/henzihof.ch\/wp-content\/uploads\/2023\/08\/IMG_5523-scaled.jpg?strip=info&#038;w=1800&#038;ssl=1 1800w,https:\/\/i0.wp.com\/henzihof.ch\/wp-content\/uploads\/2023\/08\/IMG_5523-scaled.jpg?strip=info&#038;w=2000&#038;ssl=1 2000w\" alt=\"\" data-height=\"1707\" data-id=\"2244\" data-link=\"https:\/\/henzihof.ch\/index.php\/mieten\/img_5523\/\" data-url=\"https:\/\/henzihof.ch\/wp-content\/uploads\/2023\/08\/IMG_5523-scaled.jpg\" data-width=\"2560\" src=\"https:\/\/i0.wp.com\/henzihof.ch\/wp-content\/uploads\/2023\/08\/IMG_5523-scaled.jpg?ssl=1\" data-amp-layout=\"responsive\" tabindex=\"0\" role=\"button\" aria-label=\"Open image 1 of 3 in full-screen\"\/><\/figure><\/div><div class=\"tiled-gallery__col\" style=\"flex-basis:33.20374%\"><figure class=\"tiled-gallery__item\"><img decoding=\"async\" srcset=\"https:\/\/i0.wp.com\/henzihof.ch\/wp-content\/uploads\/2023\/08\/IMG_5562-scaled.jpg?strip=info&#038;w=600&#038;ssl=1 600w,https:\/\/i0.wp.com\/henzihof.ch\/wp-content\/uploads\/2023\/08\/IMG_5562-scaled.jpg?strip=info&#038;w=900&#038;ssl=1 900w,https:\/\/i0.wp.com\/henzihof.ch\/wp-content\/uploads\/2023\/08\/IMG_5562-scaled.jpg?strip=info&#038;w=1200&#038;ssl=1 1200w,https:\/\/i0.wp.com\/henzihof.ch\/wp-content\/uploads\/2023\/08\/IMG_5562-scaled.jpg?strip=info&#038;w=1500&#038;ssl=1 1500w,https:\/\/i0.wp.com\/henzihof.ch\/wp-content\/uploads\/2023\/08\/IMG_5562-scaled.jpg?strip=info&#038;w=1800&#038;ssl=1 1800w,https:\/\/i0.wp.com\/henzihof.ch\/wp-content\/uploads\/2023\/08\/IMG_5562-scaled.jpg?strip=info&#038;w=2000&#038;ssl=1 2000w\" alt=\"\" data-height=\"1707\" data-id=\"2242\" data-link=\"https:\/\/henzihof.ch\/index.php\/mieten\/img_5562\/\" data-url=\"https:\/\/henzihof.ch\/wp-content\/uploads\/2023\/08\/IMG_5562-scaled.jpg\" data-width=\"2560\" src=\"https:\/\/i0.wp.com\/henzihof.ch\/wp-content\/uploads\/2023\/08\/IMG_5562-scaled.jpg?ssl=1\" data-amp-layout=\"responsive\" tabindex=\"0\" role=\"button\" aria-label=\"Open image 2 of 3 in full-screen\"\/><\/figure><figure class=\"tiled-gallery__item\"><img decoding=\"async\" srcset=\"https:\/\/i0.wp.com\/henzihof.ch\/wp-content\/uploads\/2023\/08\/IMG_5555-1-scaled.jpg?strip=info&#038;w=600&#038;ssl=1 600w,https:\/\/i0.wp.com\/henzihof.ch\/wp-content\/uploads\/2023\/08\/IMG_5555-1-scaled.jpg?strip=info&#038;w=900&#038;ssl=1 900w,https:\/\/i0.wp.com\/henzihof.ch\/wp-content\/uploads\/2023\/08\/IMG_5555-1-scaled.jpg?strip=info&#038;w=1200&#038;ssl=1 1200w,https:\/\/i0.wp.com\/henzihof.ch\/wp-content\/uploads\/2023\/08\/IMG_5555-1-scaled.jpg?strip=info&#038;w=1500&#038;ssl=1 1500w,https:\/\/i0.wp.com\/henzihof.ch\/wp-content\/uploads\/2023\/08\/IMG_5555-1-scaled.jpg?strip=info&#038;w=1800&#038;ssl=1 1800w,https:\/\/i0.wp.com\/henzihof.ch\/wp-content\/uploads\/2023\/08\/IMG_5555-1-scaled.jpg?strip=info&#038;w=2000&#038;ssl=1 2000w\" alt=\"\" data-height=\"1707\" data-id=\"2245\" data-link=\"https:\/\/henzihof.ch\/index.php\/mieten\/img_5555-1\/\" data-url=\"https:\/\/henzihof.ch\/wp-content\/uploads\/2023\/08\/IMG_5555-1-scaled.jpg\" data-width=\"2560\" src=\"https:\/\/i0.wp.com\/henzihof.ch\/wp-content\/uploads\/2023\/08\/IMG_5555-1-scaled.jpg?ssl=1\" data-amp-layout=\"responsive\" tabindex=\"0\" role=\"button\" aria-label=\"Open image 3 of 3 in full-screen\"\/><\/figure><\/div><\/div><\/div><\/div><\/div>\n\n\n\n<div class=\"wp-block-group alignfull has-white-color has-text-color has-background\" style=\"background-color:#e6007e\"><div class=\"wp-block-group__inner-container is-layout-flow wp-block-group-is-layout-flow\">\n<div style=\"height:23px\" aria-hidden=\"true\" class=\"wp-block-spacer\"><\/div>\n\n\n\n<p class=\"has-text-align-center has-white-color has-text-color has-link-color wp-elements-4900bac8726e286c7ebeb2741e97c7f1\"><a href=\"https:\/\/henzihof.ch\/index.php\/mieten\/\" data-type=\"page\" data-id=\"146\">NUTZEN<\/a> | <a href=\"https:\/\/henzihof.ch\/index.php\/nutzungen\/vergangene-projekte\/\" data-type=\"page\" data-id=\"153\">VERGANGENE AKTIVIT\u00c4TEN<\/a><\/p>\n\n\n\n<h2 class=\"wp-block-heading has-text-align-center has-white-color has-text-color\">Mitmachen?<\/h2>\n\n\n\n<p class=\"has-text-align-center has-white-color has-text-color has-link-color wp-elements-803fdba255c60400918209cf4b34fe7b\">Wir freuen uns, wenn Sie sich mit nachstehendem&nbsp;<a href=\"https:\/\/henzihof.ch\/index.php\/kontakt\/\" data-type=\"page\" data-id=\"450\">Kontaktformular<\/a>&nbsp;bei der Quartierarbeit Solothurn West melden.<\/p>\n\n\n\n<div style=\"height:23px\" aria-hidden=\"true\" class=\"wp-block-spacer\"><\/div>\n\n\n\n<p><\/p>\n<\/div><\/div>\n\n\n\n<p><\/p>\n","protected":false},"excerpt":{"rendered":"<p>Wichtige Infos: Die mietbaren Fl\u00e4chen befinden sich im Aussenraum des ehemaligen Bauernhofs. Eine Buvette, Strom, Wasser und ein WC-Container mit einer Toilette sind vorhanden. Infrastruktur: Zus\u00e4tzlich zur Miete k\u00f6nnen Flipchart, Moderationskoffer und Geschirr kostenpflichtig dazu gemietet werden. St\u00fchle und Tischbankgarnituren stellen wir gerne kostenlos zur Verf\u00fcgung. Preise: Bei den Mietpreisen wird unterschieden zwischen \u00f6ffentlichen Nutzungen, &hellip; <a href=\"https:\/\/henzihof.ch\/index.php\/mieten-2\/\" class=\"more-link\">Continue reading <span class=\"screen-reader-text\">MIETEN<\/span><\/a><\/p>\n","protected":false},"author":1,"featured_media":0,"parent":0,"menu_order":0,"comment_status":"closed","ping_status":"closed","template":"","meta":{"footnotes":""},"jetpack_sharing_enabled":true,"featured_image_src":null,"featured_image_src_square":null,"_links":{"self":[{"href":"https:\/\/henzihof.ch\/index.php\/wp-json\/wp\/v2\/pages\/134"}],"collection":[{"href":"https:\/\/henzihof.ch\/index.php\/wp-json\/wp\/v2\/pages"}],"about":[{"href":"https:\/\/henzihof.ch\/index.php\/wp-json\/wp\/v2\/types\/page"}],"author":[{"embeddable":true,"href":"https:\/\/henzihof.ch\/index.php\/wp-json\/wp\/v2\/users\/1"}],"replies":[{"embeddable":true,"href":"https:\/\/henzihof.ch\/index.php\/wp-json\/wp\/v2\/comments?post=134"}],"version-history":[{"count":25,"href":"https:\/\/henzihof.ch\/index.php\/wp-json\/wp\/v2\/pages\/134\/revisions"}],"predecessor-version":[{"id":6280,"href":"https:\/\/henzihof.ch\/index.php\/wp-json\/wp\/v2\/pages\/134\/revisions\/6280"}],"wp:attachment":[{"href":"https:\/\/henzihof.ch\/index.php\/wp-json\/wp\/v2\/media?parent=134"}],"curies":[{"name":"wp","href":"https:\/\/api.w.org\/{rel}","templated":true}]}}